, 7
Let t(l) = l - 9. Let y be t(-15). Let b be y - (-8)/2*1. List the prime factors of (b + 15)*(-12)/10.
2, 3
Let h = 12 + -7. Let q(b) = 3*b**2 - 6*b + 13. What are the prime factors of q(h)?
2, 29
Let j be (6/10)/((-4)/(-820)). Let m = j - 51. Suppose 5*f = 8 + m. What are the prime factors of f?
2
Let z(m) be the second derivative of -3*m**5/40 - 9*m**4/8 + m**3/6 + 6*m. Let l(x) be the second derivative of z(x). List the prime factors of l(-6).
3
Let l = -1877 + 4068. List the prime factors of l.
7, 313
Let d(x) = 104*x + 307. List the prime factors of d(39).
4363
Let c(z) be the second derivative of -z**3/3 + 6*z**2 - 7*z. Let t be c(5). Suppose -7*d = -t*d - 290. List the prime factors of d.
2, 29
Suppose 2*q - 509 = 5*s, 3*s = -q - 2*s + 262. List the prime factors of q.
257
Let p be (-6)/((-2)/((-4)/(-3))). Suppose -p*j + 3*g = -3*j - 136, -5*j + 656 = -3*g. Suppose 3*h = -5*f + 337 - j, -3*f + 125 = h. List the prime factors of f.
2, 3, 7
Suppose 6*f + 8 = 8*f. Suppose -r = r - f. What are the prime factors of 1 - (-24)/r*1?
13
Let u = 3811 - 657. List the prime factors of u.
2, 19, 83
Let t = 19 + -21. Let h be (t/(-3))/(4/162). Let u = 64 - h. What are the prime factors of u?
37
Suppose -9*g - 4*l + 11 = -4*g, -1 = g + 4*l. What are the prime factors of (-3)/((-18)/g)*220?
2, 5, 11
Let w(d) be the first derivative of 7*d**4/4 - d**3 + d**2/2 + d - 11. List the prime factors of w(1).
2, 3
Let c be (-21)/(-14)*98/3. Suppose -3*z + 129 = 2*o, 5*z + o + c - 264 = 0. What are the prime factors of z?
43
Let z = -143 + 304. List the prime factors of z.
7, 23
Let t(z) = 3*z + 3. Let g(u) = -4*u - 4. Let w(d) = 4*g(d) + 5*t(d). Suppose -3*f - 2*f = 40. What are the prime factors of w(f)?
7
Let t(y) = 428*y - 47. What are the prime factors of t(2)?
809
Let i(f) = 7. Let n(y) = -y - 1. Let s be (-2)/(-10) + (-36)/(-45). Let a(r) = s*i(r) + 3*n(r). What are the prime factors of a(-17)?
5, 11
Let j(n) = n**3 - 17*n**2 + 6*n - 51. List the prime factors of j(18).
3, 127
Let a = 24 - 10. Let p(c) = 6 - 4*c + 0*c - a - 10. What are the prime factors of p(-9)?
2, 3
Suppose -12 = -7*o - 54. Let i = 48 - o. What are the prime factors of i?
2, 3
Let m = -20 - -117. Suppose 0 = 5*u - 5*y - 350, -m = -u - y - 21. List the prime factors of u.
73
Let k(v) = -v**3 + 3*v**2 + v + 4. Let a be k(4). Let q(i) = -6*i - 14. Let r be q(a). Suppose -5 = s - r. What are the prime factors of s?
29
Suppose 17*h + 763 = 24*h. List the prime factors of h.
109
What are the prime factors of 0 - (-3729)/5 - 8/(-40)?
2, 373
Let p = 682 + -468. Suppose 11*y = 13*y - p. What are the prime factors of y?
107
Suppose 3*y + 19 = 28. What are the prime factors of 237 - -2*y/6?
2, 7, 17
Let w(t) = -t + 16. Let z be w(12). Suppose 0*i + 29 = 3*i - 2*v, 32 = 4*i - z*v. What are the prime factors of i?
13
Suppose 5 + 7 = 4*b. Suppose -4*s + 62 = b*u, -3*s + 1 = 2*u - 3*u. Suppose 0 = 2*m - 10 - u. List the prime factors of m.
2, 3
Let i = 3620 + -814. List the prime factors of i.
2, 23, 61
Let h = 1558 - 967. List the prime factors of h.
3, 197
Suppose 4*k = -4*a + 2592, 3*k + 4*a - 1791 = 157. What are the prime factors of k?
2, 7, 23
Suppose -33*y = -81*y + 105360. What are the prime factors of y?
5, 439
Let r(x) = 2*x**2 + x + 20. Let t = 50 + -44. List the prime factors of r(t).
2, 7
Suppose 2*y - 504 + 26 = 0. List the prime factors of y.
239
Let a(v) = 120*v - 35*v - 44*v + 21 - 39*v. Suppose 31 = 2*b - 3*d, -b - 3*d - 1 = 6. What are the prime factors of a(b)?
37
Suppose -3*w - 8 = -4*z + 6, 5*w + 2*z = 20. Let q be -2 + 0 + -9 + w. List the prime factors of (-8)/12 + (-51)/q.
5
Suppose -x + 529 = -0*x. What are the prime factors of x?
23
Suppose 3*j + 82 = 94. Suppose 2*l + 4*i - 495 + 157 = 0, 511 = 3*l + j*i. List the prime factors of l.
173
Let a = -35 + 39. Suppose -115 = -5*p + 3*g, -5*g + 5 = -a*g. What are the prime factors of p?
2, 13
Let h(u) = 165*u**3 - 3*u**2 + 3*u - 1. Let t(l) = 2*l**2 + 22*l + 1. Let g be t(-11). What are the prime factors of h(g)?
2, 41
Let l be (1 + 0/(-1))*4. Let g(q) = 8*q**2 - 8*q + 10. List the prime factors of g(l).
2, 53
Let a = -669 + 2424. List the prime factors of a.
3, 5, 13
Suppose -4*u - 20 = 0, -u + 344 = c + u. What are the prime factors of c?
2, 3, 59
Suppose 1300 = -16*b + 26*b. What are the prime factors of b?
2, 5, 13
Suppose 17118 = 23*x - 5*x. What are the prime factors of x?
3, 317
Let j(x) = 6*x + 7. Let t be j(3). Let l = t - 22. Suppose -l*g + 95 = -5*d, -g - d + 2*d = -29. List the prime factors of g.
5
Suppose 0 = 4*w - 2*w - 4. Suppose 2*v - 86 = -w*y, -2*v + 0*v + 86 = -3*y. List the prime factors of v.
43
Suppose 4 + 5 = 3*h. Suppose h*l - 2*l - 3 = 0. Suppose -2*r - 3*w = 4, l*w + 32 = 4*r - w. What are the prime factors of r?
2
Let o = -74 + 44. List the prime factors of ((-16)/4)/(3/o).
2, 5
Let m = 21 - 16. Suppose 4*c + 3*v - 21 - 47 = 0, m*c + 5*v - 85 = 0. What are the prime factors of c - (5 + (-4)/4)?
13
Let z(v) = 15*v**2 - 18*v - 153. List the prime factors of z(-8).
3, 317
Let t(i) = i**3 + 7*i**2 - 10*i. Let j(z) = z - 1. Let y(c) = 2*j(c) + t(c). List the prime factors of y(-6).
2, 41
Let k be ((-27)/(-6))/(18/24). Let i be k/(-18) + (-244)/6. Let v = -28 - i. What are the prime factors of v?
13
Let u(x) = -x**3 - 2*x**2 + 2*x + 1. Let m be u(-3). Suppose i - 115 = -m*i. Let j = 38 - i. List the prime factors of j.
3, 5
Let x = -66 + -1. Let s = x + 101. List the prime factors of s.
2, 17
Let w = 1723 - 905. What are the prime factors of w?
2, 409
Suppose r + 3 = 14. Suppose -4*s + 17 = -k - r, s = k + 7. List the prime factors of 8/(-28) + 226/s.
2
List the prime factors of (387/(-6))/(-6 + 1085/182).
3, 13, 43
Let u(y) = 8*y - 3 - 46*y + y. List the prime factors of u(-2).
71
Suppose -a = -116 - 5. Suppose 149 = 3*q - a. List the prime factors of q.
2, 3, 5
What are the prime factors of (-61137)/(-27) - (-6)/(-18)?
2, 283
Let r = 88 + 202. List the prime factors of r.
2, 5, 29
Let l(n) be the second derivative of n**4/12 - n**3/6 - 2*n**2 + 3*n. Let i be l(0). Let o(w) = -w**3 - w**2 + 4*w + 4. What are the prime factors of o(i)?
2, 3
Let c(i) = -i**3 + i**2 - 119. Let u be c(0). Let v = -622 + u. What are the prime factors of (-1)/(-5) - v/95?
2
Let c be 58/(-8) - 1/(-4). Let b be (3 - c)*6/10. Suppose 8*t = b*t + 40. List the prime factors of t.
2, 5
Let v(q) = -q**2 + 3. Let o be v(0). Suppose o*y - 48 = -3*y. List the prime factors of y.
2
Let q = 3 + -2. What are the prime factors of 97 + q*(-1)/1?
2, 3
Suppose -2*b - 6 = 0, 5*k - 2*b - 13 = 4178. What are the prime factors of k?
3, 31
Suppose -6*s = -5 + 29. What are the prime factors of (1 - -15)/s - -64?
2, 3, 5
Let r = -531 + 947. Suppose 69 = 5*n - r. Suppose -2*p + 15 = -5*p, -4*k + 5*p = -n. What are the prime factors of k?
2, 3
Suppose -4*i + 11 = -5*u, -2*i + 6*i + 5*u = 21. Let k(n) = 23*n - 10. Let g be k(i). Let y = g - 55. List the prime factors of y.
3
Let u(d) = -d**3 + d**2 - 1. Let l(b) be the first derivative of -3*b**4/4 + 2*b**3 - b**2 + b - 1. Let x(v) = -l(v) + 4*u(v). List the prime factors of x(-4).
19
Suppose -b + 3*k = 3 + 7, -7 = b - 2*k. Let w be (-5)/(-10) + b/2. Suppose t - 1 = 0, -5*x + 22 = 2*t - w*t. List the prime factors of x.
2
Let k(h) be the second derivative of 13*h**3/6 - h**2 - 4*h. Let v be (3/(-5))/((-8)/40). List the prime factors of k(v).
37
Suppose 0 = -4*g + 3*g. Let q be -20 + 5 + (g - 3). Let p = -15 - q. List the prime factors of p.
3
Let o(t) = -t - 5. Let y be o(-7). Suppose 4*l + 4 = -4*a, -3*a + 2*l + 4 = y. Suppose a = -g + 2*g - 31. List the prime factors of g.
31
Let b = 406 + 9. What are the prime factors of b?
5, 83
Let v = 4231 + -2274. List the prime factors of v.
19, 103
Let q(t) = -t**2 - 11*t - 9. Let n be q(-10). Suppose -f = 2*i + 3, 25 = -3*i + 5*f + n. What are the prime factors of i + 0 + 32 - 1?
2, 7
Suppose -a + 10 = 3*z, -3*z + 2*z = -5*a - 14. What are the prime factors of a*(-75)/10 + 2?
17
Suppose -3*q + 9 = -0*q. Let t be (-1)/q*(-53 + -16). Let r = 7 + t. What are the prime factors of r?
2, 3, 5
What are the prime factors of ((-8)/24)/((-2)/4494) - 5?
2, 3, 31
Let g(i) = -6*i - 4. Let z be g(-3). Suppose z = -x + 23. What are the prime factors of x?
3
Let s(q) =